(3/(-18)*-2). Suppose -10 + o = 5*k. Let w(c) = c - 7. Give w(k).
-7
Let k(t) = 35*t**2 - 1261*t + 47. Let s be k(36). Let p(y) = y**3 - 9*y**2 - 21*y - 34. Give p(s).
-23
Let w be 1 + (-4445)/(-3 - 4). Let q(i) = -312*i - 4 + w*i - 315*i - i**2. Determine q(4).
16
Let g(h) = 4 - 88*h + 37*h + h**2 + 50*h. What is g(7)?
46
Let x(z) = z**2 + 27*z + 148. Let p be x(-6). Suppose 3*k + 2*i = -17, 3*i - p = 14*k - 9*k. Let u(j) = -3*j - 14. Determine u(k).
1
Suppose 0 = 3*z - 12, -3*z - 13 = -2*q + 7. Suppose 0 = 2*m + q - 20. Suppose -c - m*d - 5 = d, -5*d - 9 = c. Let r(l) = -6*l**2 + l - 1. Give r(c).
-6
Let u(f) = 40*f**3 + 39*f**3 - 77*f**3 - 5 - 41*f**2 + 37*f**2. Give u(4).
59
Let s(f) be the second derivative of f**4/6 - 4*f**3/3 - 9*f**2 + 18*f + 37. Give s(-6).
102
Let a(x) be the second derivative of -19*x**3/6 + 9*x**2/2 + 252*x - 2. Calculate a(3).
-48
Let k(x) = 19*x**2 + 642 - 19*x**3 - 35*x + 42*x**3 - 615 - 24*x**3. Determine k(17).
10
Let g(n) = n**3 - 12*n**2 + 12*n - 3. Let t(m) = 2*m**2 - 7*m - 4. Let y be t(5). Suppose 27 - y = 2*l - 2*h, -2*l = -4*h - 10. Calculate g(l).
8
Let w(o) = -8*o - 3. Let n(r) be the first derivative of r**2/2 + r - 1. Suppose 0*b + 3*b = 0, 13 = -3*u - 5*b + 16. Let y(x) = u*w(x) + 4*n(x). What is y(4)?
-15
Let s = 127637 - 127638. Let j(h) = -2*h - 7. Let u be j(-5). Let b(r) = -2*r + 2 - 3*r - u. What is b(s)?
4
Let k = 65 + -44. Let q(a) = 7*a**2 - k + a**3 + 42 + 2*a - 26. What is q(-7)?
-19
Let y(x) = 13 + 273*x + 273*x - 547*x - 12. Give y(3).
-2
Let q(m) = 2*m**3 + 434 + m**2 - 3*m**3 - 433. Let b(u) = -u**3 - 6*u**2 + 4*u + 22. Let v(k) = -b(k) + 2*q(k). Determine v(7).
1
Let k(u) = -2*u - 3. Suppose -s - 425 = 4*o + 274, -10 = -2*s. Let y = o - -181. What is k(y)?
-13
Let a(z) = 5*z + 1. Let j = -130 + 156. Let v be 2/(-6) - (j/3)/13. What is a(v)?
-4
Let g(o) = 6*o**2 - 63*o + 43. Let j(a) = 4*a**2 - 42*a + 29. Let l(f) = 5*g(f) - 7*j(f). Suppose 0 = -68*d + 78*d - 100. Calculate l(d).
2
Let j(f) = -f**3 - 5*f**2 - 2*f + 7. Let p be j(-4). Let c(z) = z**3 + 2*z. Let d(x) = -2*x**3 + 8*x**2 - 3*x + 3. Let v(o) = p*d(o) - 3*c(o). Determine v(-8).
21
Suppose -5*f - b = -3, -3*b = -f - 317 + 308. Let u(w) = w - 13. Give u(f).
-13
Let q(i) = i**2 + i + 1. Let p be ((-15)/(-5) - -3)/2. Let v(a) = 1 + 6*a**2 - p*a + 2*a + 7*a. Let n(h) = 5*q(h) - v(h). What is n(0)?
4
Let j(n) = -41760*n + 3 + 2*n**2 + 83535*n + 67*n**3 - 41770*n. What is j(-1)?
-67
Let s(q) = 134*q**2 - 66*q**2 - 2*q + q**3 + 0*q**3 + 3 - 65*q**2. Let v be (-6 + ((-20)/5 - -15))*-1. What is s(v)?
-37
Let z(q) be the first derivative of 1/3*q**3 - 71 + 3/2*q**2 - 8*q. Suppose -3*j + 8*j + 35 = 0. Calculate z(j).
20
Let q(p) = p**2 + p - 20. Suppose 0 = 4*w + 12, -4*m - 4*w = -w + 37. What is q(m)?
22
Suppose -r + 100 = -3*u, 300 = 7*r - 4*r + 4*u. Let p = r + -103. Let w(y) = -y + 1. Calculate w(p).
4
Suppose 507 = 13*j + 377. Suppose -3*r + 26 = 2*g, -4*r - 6*g + 48 = -j*g. Let w(z) = 2*z - 27. Give w(r).
-7
Let j(c) be the first derivative of -4*c**2 - 279*c + 6801. What is j(-36)?
9
Let c(t) be the second derivative of -t**5/20 - 17*t**4/12 + 3*t**3 - 33*t**2/2 + 45*t - 14. Determine c(-18).
-33
Let j(z) = -z**3 - 6*z**2 - 1. Let y(k) = 9*k + 96. Let t be y(-14). Let h be (36/10)/((-6)/(-40)). Let f = t + h. What is j(f)?
-1
Let t(s) be the first derivative of -5/2*s**2 + s - 83 - 1/3*s**3. Let q(f) = -f**2 - 3*f + 5. Let u be q(-5). What is t(u)?
1
Let a(d) = d**2 + 5*d - 2. Let x = -20 + 49. Suppose 3*j + x = 17. Let q be (-14)/((3 - 2)/(-2)*j). What is a(q)?
12
Let j be -35 - -2*500/40. Let m(i) = -i**2 - 13*i - 27. Determine m(j).
3
Let m(a) be the first derivative of -25/2*a**2 + 1/6*a**4 + 0*a + 17 + 1/60*a**5 + 1/2*a**3. Let n(s) be the second derivative of m(s). Calculate n(-2).
-1
Let f(v) = -7*v**2 + 20*v + 58. Let p(c) = 8*c**2 - 21*c - 67. Let k(y) = -7*f(y) - 6*p(y). Determine k(17).
47
Let m(j) be the second derivative of -j**4/6 - j**3/6 - 70*j**2 + 28*j + 6. Give m(0).
-140
Suppose -4*v - 4 = -r, 0 = -4*r - r + 2*v + 56. Suppose 2*j = -4*t - 0*j - r, 0 = t + 2*j + 6. Let l(y) = 8*y + 1. Determine l(t).
-15
Let h(v) = v**3 + 13*v**2 + 10*v - 21. Suppose -2*d = 4*u + 52, -59*d + 58*d = u + 14. What is h(u)?
3
Let c(t) = -8*t**2 + 136*t + 3. Let v(n) = 15*n**2 - 248*n - 5. Let s(g) = 11*c(g) + 6*v(g). Determine s(-7).
45
Let b(w) = 4*w + 28. Let m(k) = 2*k + 13. Let n(z) = 6*b(z) - 13*m(z). Let y(f) = f**2 + 5*f + 2. Let u(g) = -9*n(g) - 4*y(g). What is u(1)?
-5
Let z = -3 + 4. Let b(c) be the third derivative of c**5/30 - c**4/24 + c**2 + 17. Give b(z).
1
Let n(l) = l**3 - l**2 + 2*l - 1. Let o(a) = a**3 - 38*a**2 - 91*a - 20. Let i be o(-2). What is n(i)?
7
Let o be -2 - (-6 + 1) - (-4)/(-8)*-2. Let s(a) be the first derivative of 22 + 4*a**2 - 9*a + 3*a**3 + 1/4*a**o. Calculate s(-8).
-9
Let v(c) be the first derivative of -c**4/4 + 2*c**3 + 3*c**2 + 9*c + 19. Let b be v(7). Let t(z) = -9*z**b + 11*z**2 - 2*z + 2*z**3 + 2 - 1. Calculate t(1).
3
Suppose 3*k - 2*n = -10, 2*k = -3*n - n - 28. Let f(m) = 2*m + 212 + 213 - m**3 - 6*m**2 - 418. Determine f(k).
-5
Suppose -2*n - 3*z - 7 = 8, 0 = -2*n - z - 13. Let v(y) = -y**3 - 4*y**2 + 17*y + 20. Let g be v(n). Let f(w) = -w**3 - 9*w**2 + 9*w - 14. Calculate f(g).
-4
Suppose 46 - 10 = -4*n - 4*z, 0 = -n - 2*z - 7. Let t(p) = p**3 + 10*p**2 - 8*p + 20. What is t(n)?
-13
Let v(f) be the first derivative of -1/2*f**2 - 1/3*f**3 + 84 - 9*f. Determine v(0).
-9
Let h = -17238 + 17237. Let o(y) = -7*y**3 - y**2 - 3*y - 1. Give o(h).
8
Let t(g) = -2*g + 1. Let p = 114 - 96. Let q be (-40)/(-18) - p/81. What is t(q)?
-3
Let f(h) = -12*h**3 + 19*h**2 + 14*h - 6. Let o(v) = -11*v**3 + 16*v**2 + 12*v - 5. Let r(m) = 5*f(m) - 6*o(m). Determine r(-2).
-48
Let g(p) = p - 2. Suppose 0 = 11*z - 14*z + 39. Suppose -z*m + 44 = -2*m. Suppose -3*u + 4*u = 0, m*c - 16 = 2*u. Give g(c).
2
Let o = -3 - -1. Let a = o + -2. Let r(i) be the third derivative of -i**6/120 - i**5/15 + 5*i**4/24 + i**3/6 + i**2 + 201*i - 1. What is r(a)?
-19
Suppose 0 = -3*y + 2 + 1, -181 = 4*x - y. Let w = x - -47. Let o(l) = -2 - l**3 + 0*l**2 + 0 + 1 + l + w*l**2. Calculate o(2).
1
Let f(g) = 103*g - 27. Let c(z) = -112*z + 28. Let a(i) = -15*c(i) - 16*f(i). Give a(3).
108
Let d(j) be the second derivative of -j**3/6 - 7*j**2/2 - 15*j. Suppose 0 = -4*r - 4, -3*p = -r - 12 + 185. Let g = -58 - p. Calculate d(g).
-7
Let a(p) = -3*p - 35. Let q be a(-11). Let w be ((-49)/(-14))/(-1 + q/(-4)). Let g(k) = -k**2 - 7*k + 4. What is g(w)?
4
Let h(f) = -f + 15. Let b = -1215 - -517. Let a = b - -710. What is h(a)?
3
Let v(w) be the second derivative of -w**5/20 + w**4/2 - w**3/2 - 2*w**2 + 981*w. Suppose -3*p - a = 4*a + 5, -a + 16 = 4*p. Give v(p).
6
Suppose 21*d - 26 = 8*d. Let u(p) = -8*p**3 - 3*p**2 - p - 3. Let s(g) = 32*g**3 + 13*g**2 + 4*g + 13. Let m(q) = d*s(q) + 9*u(q). Determine m(-1).
7
Let s(b) = -b**2 - 2*b. Let j(q) = 3*q**2 + 4*q - 3. Let f be j(-3). Suppose f = -20*w + 26*w. Calculate s(w).
-8
Let c(a) = -8*a + 49*a**3 - 12 - 31376*a**2 + 31378*a**2 - 50*a**3. Determine c(-3).
57
Let d be ((-3)/(-6) - 2)*-2. Let k(x) be the first derivative of -86 + 1/2*x**2 - 2*x. What is k(d)?
1
Let w(k) be the third derivative of 29*k**4/24 + 235*k**3/6 + k**2 + 17*k - 113. Give w(-8).
3
Let h(t) = -10*t - 559 + t**2 + 1116 - 5*t - 563. Calculate h(15).
-6
Suppose -28 = -4*f - 4*q, 2*f + 3*q = 4*q + 20. Let n(g) = g - 7 - 14*g**2 + 2*g**3 - 10*g - g**3 + 6*g**2. Determine n(f).
-7
Let v = -20866 - -20873. Let g(u) = 3*u**2 + u. Let c be g(-1). Let o(x) = 0 + 1 + x**2 - c*x - 10*x + 3*x. Calculate o(v).
-13
Let c(t) = t**2 - 10*t - 3. Let k(l) = -3*l**2 + 29*l + 10. Let g be ((-5)/30*-16 + -3)*9. Let p(i) = g*k(i) - 8*c(i). Determine p(6).
-12
Let u be 18/324*18 + -3 + 30/5. Let v(w) be the second derivative of 1/12*w**u - 31*w + 0 - w**2 - 1/2*w**3. Determine v(3).
-2
Let n be 20/2*(-1 - 4/(-20)). Let k be -4 + (-4)/n*4 - -13. Let w(g) = 14 + 2*g - k + g**2 + 4*g. Calculate w(-4).
-5
Suppose 75 - 73 = -w. Let m(i) = i**2 - 18*i + 35. Let v be m(16). Let c(y) = -7 - v + y - 1 + 14. What is c(w)?
1
Let b(a) be the third derivative of -13/3*a**3 - 1/12*a**4 - 19*a**2 + 2*a + 0. What is b(-8)?
-10
Let p(r) = -9*r -